(y) = y**3 + 2*y**2 + 8. Calculate j(-3).
-1
Let w(f) = -f**2 + 13*f + 19. Determine w(14).
5
Let c(m) = -m**3 - m**2 + 2*m + 11. Determine c(0).
11
Let u(s) = s**2 + 6*s - 6. Give u(-5).
-11
Let m(b) = -4*b**2 - 4*b - 4. Calculate m(-3).
-28
Let h(f) = -2*f**3 - 6*f**2 - f + 4. Give h(-3).
7
Let t(v) = v**3 + 5*v**2 - 4*v + 9. Give t(-7).
-61
Let z(m) = 3*m**2 + 43*m + 12. Calculate z(-14).
-2
Let z(q) = -2*q**2 - 55*q - 160. What is z(-25)?
-35
Let f(w) = 26*w - 1. Determine f(-1).
-27
Let o(k) = k**2 + 31*k + 22. Determine o(-30).
-8
Let c(n) = -n**3 + 5*n**2 + 11*n - 11. Calculate c(7).
-32
Let k(q) = -q**3 + 8*q**2 - 6*q + 5. Give k(8).
-43
Let l(i) = -i**2 + 14*i + 17. Calculate l(14).
17
Let b(z) = z**3 + 11*z**2 + 17*z - 3. Calculate b(-9).
6
Let a(b) = b**2 - 7*b + 6. Determine a(5).
-4
Let t(d) = -d**2 - 31*d - 102. What is t(-28)?
-18
Let v(u) = -u**2 - 4*u + 10. What is v(-4)?
10
Let s(g) = -g**3 - 13*g**2 - 10*g + 5. Calculate s(-12).
-19
Let t(u) = -13*u - 64. Give t(-10).
66
Let v(f) = f**3 + 20*f**2 + 19*f - 5. What is v(-19)?
-5
Let q(v) = v**2 - 19*v + 34. Give q(17).
0
Let m(a) = -a**3 + 2*a**2 - 36*a + 124. Calculate m(3).
7
Let v(n) = -4*n**2 - 8*n - 8. Determine v(-2).
-8
Let x(v) = v**3 + 10*v**2 - 25*v - 6. What is x(-12)?
6
Let p(x) = -3*x - 7. Determine p(7).
-28
Let z(v) = v**2 + 27*v + 87. What is z(-3)?
15
Let w(o) = -o**2 + 15*o - 22. Determine w(14).
-8
Let q(k) = k**2 - 9*k - 2. Calculate q(10).
8
Let q(m) = -4*m - 14. Calculate q(-5).
6
Let j(r) = r**3 + 6*r**2 - 8*r - 5. What is j(-7)?
2
Let t(w) = -w - 9. Give t(-12).
3
Let y(g) = 2*g**3 - 4*g**2 - 7*g + 6. Determine y(4).
42
Let f(o) = o**3 - 4*o**2 + 4. Determine f(4).
4
Let f(z) = 3*z**3 + z**2. What is f(-1)?
-2
Let d(y) = -5*y + 54. Give d(13).
-11
Let c(q) = q**3 + 15*q**2 + 28*q + 16. Calculate c(-13).
-10
Let t(b) = b**2 - 9*b + 22. Determine t(6).
4
Let n(v) = v**2 + 26*v + 168. Calculate n(-14).
0
Let k(w) = -w**3 + 15*w**2 + 18*w - 8. Determine k(16).
24
Let y(g) = -5*g**2 + 1. What is y(2)?
-19
Let q(o) = 28*o + 558. Calculate q(-20).
-2
Let p(h) = -3*h - 21. Give p(-5).
-6
Let z(a) = a**3 + 45*a**2 + 87*a + 51. What is z(-43)?
8
Let r(n) = -n**2 - 27*n - 171. Determine r(-16).
5
Let j(l) = -3*l + 2. Determine j(6).
-16
Let j(g) = -3*g**2 + 61*g + 32. Give j(21).
-10
Let q(k) = k**3 - 3*k**2 - 7*k + 14. Give q(3).
-7
Let i(s) = -s**2 + 9*s - 19. What is i(4)?
1
Let z(i) = 12*i**2 + 8*i + 14. Give z(-2).
46
Let x(m) = -2*m**2 + 14*m + 5. Calculate x(9).
-31
Let b(x) = x**3 + 10*x**2 + 2*x + 14. What is b(-10)?
-6
Let k(v) = -v**3 + 9*v**2 - 2*v + 18. Calculate k(9).
0
Let g(r) = -2*r**3 - 6*r**2 + 8*r + 13. What is g(-4)?
13
Let c(l) = l + 2. Calculate c(5).
7
Let w(o) = o + 3. Give w(-6).
-3
Let o(c) = c + 2. Calculate o(2).
4
Let y(c) = -c**3 - 19*c**2 - 47*c + 7. What is y(-3)?
4
Let b(p) = p**3 - 4*p**2 + 2*p - 2. Calculate b(3).
-5
Let d(b) = -b**3 + 15*b**2 - 16*b + 29. Determine d(14).
1
Let m(g) = 2*g - 20. Give m(17).
14
Let l(f) = -7*f - 3. Determine l(-1).
4
Let o(s) = s**3 - 15*s - 11. What is o(-3)?
7
Let y(b) = -12*b. Calculate y(6).
-72
Let m(n) = -5*n + 8. Give m(3).
-7
Let n(b) = -b**3 - 30*b**2 + 28*b - 72. Give n(-31).
21
Let u(l) = -11*l**3 + l**2 - 1. Calculate u(1).
-11
Let t(o) = -4*o**2 - o - 1. Give t(-3).
-34
Let m(j) = j**3 - 2*j**2 - 13*j - 13. Determine m(-2).
-3
Let v(m) = -2*m + 16. Determine v(-8).
32
Let z(d) = 12*d**2 + 3*d + 11. What is z(0)?
11
Let d(q) = q**3 - 3*q**2 - 5*q + 1. What is d(4)?
-3
Let a(u) = 2*u**3 - 21*u**2 + 8*u + 22. Determine a(10).
2
Let z(t) = -4*t**2 - 55*t + 55. Determine z(1).
-4
Let m(i) = -5*i + 7. Calculate m(5).
-18
Let s(d) = -6*d - 67. Give s(-8).
-19
Let j(g) = 27*g + 267. Give j(-10).
-3
Let h(j) = -19*j + 136. What is h(7)?
3
Let s(u) = u + 3. What is s(-7)?
-4
Let q(c) = -c**3 - 20*c**2 - 84*c + 2. Calculate q(-14).
2
Let v(m) = -m**2 + 8*m - 7. Give v(2).
5
Let j(s) = -3*s + 10. What is j(-8)?
34
Let j(a) = -3*a - 7. Give j(-10).
23
Let c(u) = -2*u**2 + 33*u - 10. What is c(16)?
6
Let y(d) = d**2 + 27*d + 101. Calculate y(-22).
-9
Let l(n) = -5*n - 53. Determine l(-22).
57
Let m(h) = 3*h - 2. What is m(0)?
-2
Let u(y) = -y**3 + 20*y**2 + 4*y - 75. Calculate u(20).
5
Let d(h) = h**3 - 2*h**2 - 11*h + 7. Determine d(4).
-5
Let h(r) = r**3 + 9*r**2 + 9*r + 13. What is h(-8)?
5
Let x(t) = -t**3 + 8*t**2 - 9*t. Determine x(6).
18
Let l(o) = -o**3 + 6*o**2 - 3*o - 9. What is l(5)?
1
Let n(q) = -q**3 + 10*q**2 + 42*q + 199. Give n(14).
3
Let h(o) = 2*o**2 + 63*o - 39. What is h(-32)?
-7
Let p(t) = 52*t - 1088. Give p(21).
4
Let p(h) = h**3 - 14*h**2 + 38*h - 174. Determine p(12).
-6
Let o(x) = -x**3 - 11*x**2 + 11*x - 16. Determine o(-12).
-4
Let b(p) = 2*p**3 + 2*p**2 - p + 1. What is b(-2)?
-5
Let l(b) = b**3 - 22*b**2 + 59*b - 46. Calculate l(19).
-8
Let h(o) = o**3 + 8*o**2 - 9*o - 3. Give h(-9).
-3
Let m(a) = -4*a**2 + 5*a + 5. Calculate m(-4).
-79
Let r(i) = i**2 - 2*i + 1. What is r(-5)?
36
Let b(i) = i**2 - i + 2. What is b(-2)?
8
Let b(r) = 4*r**2 + 16*r - 56. Calculate b(3).
28
Let o(j) = -3*j - 51. Determine o(5).
-66
Let w(y) = -y + 13. Determine w(8).
5
Let k(r) = -74*r + 893. Give k(12).
5
Let c(m) = -m**3 + m**2 + 7*m - 20. Determine c(4).
-40
Let x(z) = 4*z + 17. Give x(-7).
-11
Let y(z) = z + 12. Give y(-11).
1
Let n(m) = -m**2 + 4*m + 27. What is n(6)?
15
Let m(p) = -3*p**2 - 3*p - 2. Determine m(-3).
-20
Let f(p) = -p**2 + 9*p - 7. Determine f(7).
7
Let g(r) = r**3 - 11*r**2 + 9*r + 14. Give g(10).
4
Let m(n) = -n**2 - 6*n + 37. Give m(-10).
-3
Let i(y) = -y**2 - 4*y + 2. What is i(-5)?
-3
Let a(b) = b + 9. Calculate a(-5).
4
Let f(q) = 5*q - 18. What is f(5)?
7
Let s(f) = -116*f - 236. Give s(-2).
-4
Let j(l) = -4*l**3 - 3*l**2 - 2*l + 2. Give j(-2).
26
Let s(v) = -4*v - 8. What is s(0)?
-8
Let w(y) = -6*y + 30. Determine w(2).
18
Let d(z) = -z + 33. Determine d(7).
26
Let n(f) = 16*f**2 + f + 1. Calculate n(-1).
16
Let h(v) = 69*v**2 + 68*v - 1. Give h(-1).
0
Let t(r) = r**3 - 10*r**2 - 13*r - 6. Give t(11).
-28
Let r(z) = -z**2 - 3*z + 33. Determine r(10).
-97
Let d(n) = n - 25. What is d(18)?
-7
Let d(q) = q**2 + 2*q - 14. Give d(-6).
10
Let u(j) = -j**3 + 19*j**2 + 45*j - 51. Determine u(21).
12
Let w(z) = 4*z**3 - 2*z**2 - 2*z - 1. Give w(-1).
-5
Let h(y) = -y**3 + 7*y**2 - 14*y + 5. What is h(6)?
-43
Let g(z) = -5*z - 15. Calculate g(4).
-35
Let r(l) = l**3 + 22*l**2 + 22*l + 26. Give r(-21).
5
Let x(k) = -2*k**2 - 72*k + 7. Give x(-36).
7
Let r(k) = -k**2 + 18*k + 143. Determine r(23).
28
Let m(y) = -y**2 + 2*y - 4. Calculate m(0).
-4
Let w(x) = 2*x**3 + 2*x**2 - 2*x + 2. Determine w(2).
22
Let d(v) = v**2 - v + 4. Give d(2).
6
Let m(i) = i**3 - 2*i**2 + 2*i - 3. Calculate m(2).
1
Let k(q) = q**2 - 19*q + 86. What is k(8)?
-2
Let a(p) = 8*p - 9. Calculate a(5).
31
Let a(k) = 2*k**2 + 20*k - 50. Calculate a(-12).
-2
Let o(m) = -4*m**3 + m**2 - 2*m - 1. Calculate o(-2).
39
Let m(q) = -2*q**2 + 22*q + 9. Calculate m(11).
9
Let v(q) = -q**3 - 4*q**2 - 4. Determine v(-5).
21
Let l(s) = -5*s - 6. What is l(-7)?
29
Let x(y) = -2*y**3 - 3*y**2 + 2. Give x(-3).
29
Let p(h) = 2*h**3 - 69*h**2 - 35*h - 2. Determine p(35).
-2
Let j(i) = -i - 3. Calculate j(8).
-11
Let k(l) = -l**3 + 22*l**2 - l + 27. Determine k(22).
5
Let p(q) = 2*q - 8. Give p(5).
2
Let f(m) = 7*m - 17. What is f(5)?
18
Let d(p) = -2*p**2 - 15*p - 20. Calculate d(-8).
-28
Let r(o) = o**2 - 22*o - 371. Determine r(-11).
-8
Let j(k) = -2*k**2 + 14*k - 9. Determine j(6).
3
Let z(i) = -i**3 + 7*i**2 - 2*i + 3. Give z(7).
-11
Let f(z) = 17*z**2 - z. Determine f(2).
66
Let w(x) = -4*x**2 - 13*x + 9. What is w(-5)?
-26
Let f(h) = -h**3 + 2*h**2 + 3*h + 4. Calculate f(4).
-16
Let a(n) = -n**2 - 2*n + 4. Calculate a(-5).
-11
Let n(g) = -48*g + 129. Give n(3).
-15
Let j(s) = -9*s - 91. Determine j(-11).
8
Let i(g) = -g + 23. Determine i(-12).
35
Let h(j) = j**3 - 2*j**2 + 7*j + 10. Give h(0).
10
Let j(y) = 3*y**2 - 7*y + 6. Give j(2).
4
Let m(z) = z**3 + 18*z**2 - 2*z - 39. What is m(-18)?
-3
Let r(d) = -30*d + 427. What is r(14)?
7
Let x(q) = -q**2 + 4*q + 1. Determine x(-4).
-31
Let i(j) = j**2 - 8*j - 9. Calculate i(8).
-9
Let x(b) = b**3 - 10*b**2 + 15*b - 3. Determine x(8).
-11
Let i(t) = 54*t - 331. 